{"id":7160,"date":"2021-02-16T07:28:03","date_gmt":"2021-02-16T06:28:03","guid":{"rendered":"https:\/\/test.mater.eus\/?page_id=7160"},"modified":"2024-02-28T11:45:15","modified_gmt":"2024-02-28T10:45:15","slug":"eskerrak","status":"publish","type":"page","link":"https:\/\/mater.eus\/eu\/mater\/eskerrak\/","title":{"rendered":"Eskerrak"},"content":{"rendered":"<p><span style=\"font-weight: 400;\">2020-2021 urtean, gizartea itsas ingurunearen kontserbazio aktiboan sentsibilizatzeko eta inplikatzeko lanean, MATER taldeak hainbat material sortu ditu, inguruko aberastasun ekologikoa, itsas hondakinen arriskua eta ohitura iraunkorrak ezagutarazteko. Alde batetik, <\/span><a href=\"https:\/\/plastifisharenkostera.eus\"><b><i>Plastifisharen Kostera<\/i><\/b><\/a><span style=\"font-weight: 400;\"> proiektuak <\/span><span style=\"font-weight: 400;\">\u00a06 informazio-panel jartzeko aukera eman digu Pasaian, Errenterian eta Oiartzunen, eta, bestetik, Eusko Jaurlaritzarekin sinatutako lankidetza-hitzarmenaren esparruan, Ulia-Jaizkibel inguruko kostaldeko biodibertsitatearen Gida Txiki bat publikatzeko aukera izan\u00a0 dugu.<\/span><\/p>\n<p>&nbsp;<\/p>\n<p><span style=\"font-weight: 400;\">Bi euskarrietako edukiak sortzeko etapan, aukeratutako informazioa kontrastatzen eta argazki-materiala biltzen lagundu diguten pertsona eta erakunde batzuen laguntza izan dugu. Erakundeei dagokienez, AZTI, Ambar Elkartea, Seo BirdLife Euskadi, PIE-UPV-EHU eta Realaren Urpeko Jardueren Atala gure esker beroenak eman nahi diegu. Batez ere, eskerrak eman nahi dizkiegu dibulgazio-material zoragarri hauek argitara ateratzeko beren ondar alea jarri duten pertsona askori: <\/span><span style=\"font-weight: 400;\">Juan Carlos Alvarado, Maria Ballesteros, Leire Ballesteros, Aitor Leitza, Natalia Mendez, Javi Franco, Gari Bilbao, Juan Carlos Fajardo, Manu Soto, Bel\u00e9n Gonz\u00e1lez, Denis Benito, Fernando Villate, Aitor Laza, Ibon Canciorena, David Mu\u00f1oz, Daniel Landa, Luis Mart\u00ednez, Xabi Mina, Borja Inza, <\/span><span style=\"font-weight: 400;\">Anael Corea, Karlos Solana Arruti, Jes\u00fas Mari Alqu\u00e9zar, <\/span><span style=\"font-weight: 400;\">Enrique Villafranca eta\u00a0 Oihana Cereijo.<\/span><\/p>\n<p>&nbsp;<\/p>\n","protected":false},"excerpt":{"rendered":"<p>2020-2021 urtean, gizartea itsas ingurunearen kontserbazio aktiboan sentsibilizatzeko eta inplikatzeko lanean, MATER taldeak hainbat material sortu ditu, inguruko aberastasun ekologikoa, <a href=\"https:\/\/mater.eus\/eu\/mater\/eskerrak\/\"> [&#8230;]<\/a><\/p>\n","protected":false},"author":1,"featured_media":0,"parent":6980,"menu_order":1,"comment_status":"closed","ping_status":"closed","template":"","meta":{"footnotes":""},"class_list":["post-7160","page","type-page","status-publish","hentry"],"yoast_head":"<!-- This site is optimized with the Yoast SEO plugin v27.4 - https:\/\/yoast.com\/product\/yoast-seo-wordpress\/ -->\n<title>Eskerrak | MATER<\/title>\n<meta name=\"robots\" content=\"index, follow, max-snippet:-1, max-image-preview:large, max-video-preview:-1\" \/>\n<link rel=\"canonical\" href=\"https:\/\/mater.eus\/eu\/mater\/eskerrak\/\" \/>\n<meta property=\"og:locale\" content=\"eu_ES\" \/>\n<meta property=\"og:type\" content=\"article\" \/>\n<meta property=\"og:title\" content=\"Eskerrak | MATER\" \/>\n<meta property=\"og:description\" content=\"2020-2021 urtean, gizartea itsas ingurunearen kontserbazio aktiboan sentsibilizatzeko eta inplikatzeko lanean, MATER taldeak hainbat material sortu ditu, inguruko aberastasun ekologikoa, [...]\" \/>\n<meta property=\"og:url\" content=\"https:\/\/mater.eus\/eu\/mater\/eskerrak\/\" \/>\n<meta property=\"og:site_name\" content=\"MATER\" \/>\n<meta property=\"article:publisher\" content=\"https:\/\/www.facebook.com\/matermuseoa\" \/>\n<meta property=\"article:modified_time\" content=\"2024-02-28T10:45:15+00:00\" \/>\n<meta name=\"twitter:card\" content=\"summary_large_image\" \/>\n<meta name=\"twitter:site\" content=\"@MaterMuseoa\" \/>\n<meta name=\"twitter:label1\" content=\"Est. reading time\" \/>\n\t<meta name=\"twitter:data1\" content=\"1 minute\" \/>\n<script type=\"application\/ld+json\" class=\"yoast-schema-graph\">{\"@context\":\"https:\\\/\\\/schema.org\",\"@graph\":[{\"@type\":\"WebPage\",\"@id\":\"https:\\\/\\\/mater.eus\\\/eu\\\/mater\\\/eskerrak\\\/\",\"url\":\"https:\\\/\\\/mater.eus\\\/eu\\\/mater\\\/eskerrak\\\/\",\"name\":\"Eskerrak | MATER\",\"isPartOf\":{\"@id\":\"https:\\\/\\\/mater.eus\\\/eu\\\/#website\"},\"datePublished\":\"2021-02-16T06:28:03+00:00\",\"dateModified\":\"2024-02-28T10:45:15+00:00\",\"breadcrumb\":{\"@id\":\"https:\\\/\\\/mater.eus\\\/eu\\\/mater\\\/eskerrak\\\/#breadcrumb\"},\"inLanguage\":\"eu-ES\",\"potentialAction\":[{\"@type\":\"ReadAction\",\"target\":[\"https:\\\/\\\/mater.eus\\\/eu\\\/mater\\\/eskerrak\\\/\"]}]},{\"@type\":\"BreadcrumbList\",\"@id\":\"https:\\\/\\\/mater.eus\\\/eu\\\/mater\\\/eskerrak\\\/#breadcrumb\",\"itemListElement\":[{\"@type\":\"ListItem\",\"position\":1,\"name\":\"Portada\",\"item\":\"https:\\\/\\\/mater.eus\\\/eu\\\/\"},{\"@type\":\"ListItem\",\"position\":2,\"name\":\"Eskerrak\"}]},{\"@type\":\"WebSite\",\"@id\":\"https:\\\/\\\/mater.eus\\\/eu\\\/#website\",\"url\":\"https:\\\/\\\/mater.eus\\\/eu\\\/\",\"name\":\"MATER, Barco Museo Ecoactivo\",\"description\":\"Barco Museo Ecoactivo\",\"publisher\":{\"@id\":\"https:\\\/\\\/mater.eus\\\/eu\\\/#organization\"},\"alternateName\":\"MATER\",\"potentialAction\":[{\"@type\":\"SearchAction\",\"target\":{\"@type\":\"EntryPoint\",\"urlTemplate\":\"https:\\\/\\\/mater.eus\\\/eu\\\/?s={search_term_string}\"},\"query-input\":{\"@type\":\"PropertyValueSpecification\",\"valueRequired\":true,\"valueName\":\"search_term_string\"}}],\"inLanguage\":\"eu-ES\"},{\"@type\":\"Organization\",\"@id\":\"https:\\\/\\\/mater.eus\\\/eu\\\/#organization\",\"name\":\"MATER\",\"alternateName\":\"Asociaci\u00f3n Itsas-Gela Aula del Mar\",\"url\":\"https:\\\/\\\/mater.eus\\\/eu\\\/\",\"logo\":{\"@type\":\"ImageObject\",\"inLanguage\":\"eu-ES\",\"@id\":\"https:\\\/\\\/mater.eus\\\/eu\\\/#\\\/schema\\\/logo\\\/image\\\/\",\"url\":\"https:\\\/\\\/mater.eus\\\/wp-content\\\/uploads\\\/MATER-logo-urdina.png\",\"contentUrl\":\"https:\\\/\\\/mater.eus\\\/wp-content\\\/uploads\\\/MATER-logo-urdina.png\",\"width\":2048,\"height\":2048,\"caption\":\"MATER\"},\"image\":{\"@id\":\"https:\\\/\\\/mater.eus\\\/eu\\\/#\\\/schema\\\/logo\\\/image\\\/\"},\"sameAs\":[\"https:\\\/\\\/www.facebook.com\\\/matermuseoa\",\"https:\\\/\\\/x.com\\\/MaterMuseoa\",\"https:\\\/\\\/www.instagram.com\\\/matermuseoa\\\/\",\"https:\\\/\\\/www.linkedin.com\\\/company\\\/mater-barco-museo-ecoactivo\\\/\"]}]}<\/script>\n<!-- \/ Yoast SEO plugin. -->","yoast_head_json":{"title":"Eskerrak | MATER","robots":{"index":"index","follow":"follow","max-snippet":"max-snippet:-1","max-image-preview":"max-image-preview:large","max-video-preview":"max-video-preview:-1"},"canonical":"https:\/\/mater.eus\/eu\/mater\/eskerrak\/","og_locale":"eu_ES","og_type":"article","og_title":"Eskerrak | MATER","og_description":"2020-2021 urtean, gizartea itsas ingurunearen kontserbazio aktiboan sentsibilizatzeko eta inplikatzeko lanean, MATER taldeak hainbat material sortu ditu, inguruko aberastasun ekologikoa, [...]","og_url":"https:\/\/mater.eus\/eu\/mater\/eskerrak\/","og_site_name":"MATER","article_publisher":"https:\/\/www.facebook.com\/matermuseoa","article_modified_time":"2024-02-28T10:45:15+00:00","twitter_card":"summary_large_image","twitter_site":"@MaterMuseoa","twitter_misc":{"Est. reading time":"1 minute"},"schema":{"@context":"https:\/\/schema.org","@graph":[{"@type":"WebPage","@id":"https:\/\/mater.eus\/eu\/mater\/eskerrak\/","url":"https:\/\/mater.eus\/eu\/mater\/eskerrak\/","name":"Eskerrak | MATER","isPartOf":{"@id":"https:\/\/mater.eus\/eu\/#website"},"datePublished":"2021-02-16T06:28:03+00:00","dateModified":"2024-02-28T10:45:15+00:00","breadcrumb":{"@id":"https:\/\/mater.eus\/eu\/mater\/eskerrak\/#breadcrumb"},"inLanguage":"eu-ES","potentialAction":[{"@type":"ReadAction","target":["https:\/\/mater.eus\/eu\/mater\/eskerrak\/"]}]},{"@type":"BreadcrumbList","@id":"https:\/\/mater.eus\/eu\/mater\/eskerrak\/#breadcrumb","itemListElement":[{"@type":"ListItem","position":1,"name":"Portada","item":"https:\/\/mater.eus\/eu\/"},{"@type":"ListItem","position":2,"name":"Eskerrak"}]},{"@type":"WebSite","@id":"https:\/\/mater.eus\/eu\/#website","url":"https:\/\/mater.eus\/eu\/","name":"MATER, Barco Museo Ecoactivo","description":"Barco Museo Ecoactivo","publisher":{"@id":"https:\/\/mater.eus\/eu\/#organization"},"alternateName":"MATER","potentialAction":[{"@type":"SearchAction","target":{"@type":"EntryPoint","urlTemplate":"https:\/\/mater.eus\/eu\/?s={search_term_string}"},"query-input":{"@type":"PropertyValueSpecification","valueRequired":true,"valueName":"search_term_string"}}],"inLanguage":"eu-ES"},{"@type":"Organization","@id":"https:\/\/mater.eus\/eu\/#organization","name":"MATER","alternateName":"Asociaci\u00f3n Itsas-Gela Aula del Mar","url":"https:\/\/mater.eus\/eu\/","logo":{"@type":"ImageObject","inLanguage":"eu-ES","@id":"https:\/\/mater.eus\/eu\/#\/schema\/logo\/image\/","url":"https:\/\/mater.eus\/wp-content\/uploads\/MATER-logo-urdina.png","contentUrl":"https:\/\/mater.eus\/wp-content\/uploads\/MATER-logo-urdina.png","width":2048,"height":2048,"caption":"MATER"},"image":{"@id":"https:\/\/mater.eus\/eu\/#\/schema\/logo\/image\/"},"sameAs":["https:\/\/www.facebook.com\/matermuseoa","https:\/\/x.com\/MaterMuseoa","https:\/\/www.instagram.com\/matermuseoa\/","https:\/\/www.linkedin.com\/company\/mater-barco-museo-ecoactivo\/"]}]}},"_links":{"self":[{"href":"https:\/\/mater.eus\/eu\/wp-json\/wp\/v2\/pages\/7160","targetHints":{"allow":["GET"]}}],"collection":[{"href":"https:\/\/mater.eus\/eu\/wp-json\/wp\/v2\/pages"}],"about":[{"href":"https:\/\/mater.eus\/eu\/wp-json\/wp\/v2\/types\/page"}],"author":[{"embeddable":true,"href":"https:\/\/mater.eus\/eu\/wp-json\/wp\/v2\/users\/1"}],"replies":[{"embeddable":true,"href":"https:\/\/mater.eus\/eu\/wp-json\/wp\/v2\/comments?post=7160"}],"version-history":[{"count":0,"href":"https:\/\/mater.eus\/eu\/wp-json\/wp\/v2\/pages\/7160\/revisions"}],"up":[{"embeddable":true,"href":"https:\/\/mater.eus\/eu\/wp-json\/wp\/v2\/pages\/6980"}],"wp:attachment":[{"href":"https:\/\/mater.eus\/eu\/wp-json\/wp\/v2\/media?parent=7160"}],"curies":[{"name":"wp","href":"https:\/\/api.w.org\/{rel}","templated":true}]}}

<p><span style="font-weight: 400;">2020-2021 urtean, gizartea itsas ingurunearen kontserbazio aktiboan sentsibilizatzeko eta inplikatzeko lanean, MATER taldeak hainbat material sortu ditu, inguruko aberastasun ekologikoa, itsas hondakinen arriskua eta ohitura iraunkorrak ezagutarazteko. Alde batetik, </span><a href="https://plastifisharenkostera.eus"><b><i>Plastifisharen Kostera</i></b></a><span style="font-weight: 400;"> proiektuak </span><span style="font-weight: 400;"> 6 informazio-panel jartzeko aukera eman digu Pasaian, Errenterian eta Oiartzunen, eta, bestetik, Eusko Jaurlaritzarekin sinatutako lankidetza-hitzarmenaren esparruan, Ulia-Jaizkibel inguruko kostaldeko biodibertsitatearen Gida Txiki bat publikatzeko aukera izan  dugu.</span></p>
<p>&nbsp;</p>
<p><span style="font-weight: 400;">Bi euskarrietako edukiak sortzeko etapan, aukeratutako informazioa kontrastatzen eta argazki-materiala biltzen lagundu diguten pertsona eta erakunde batzuen laguntza izan dugu. Erakundeei dagokienez, AZTI, Ambar Elkartea, Seo BirdLife Euskadi, PIE-UPV-EHU eta Realaren Urpeko Jardueren Atala gure esker beroenak eman nahi diegu. Batez ere, eskerrak eman nahi dizkiegu dibulgazio-material zoragarri hauek argitara ateratzeko beren ondar alea jarri duten pertsona askori: </span><span style="font-weight: 400;">Juan Carlos Alvarado, Maria Ballesteros, Leire Ballesteros, Aitor Leitza, Natalia Mendez, Javi Franco, Gari Bilbao, Juan Carlos Fajardo, Manu Soto, Belén González, Denis Benito, Fernando Villate, Aitor Laza, Ibon Canciorena, David Muñoz, Daniel Landa, Luis Martínez, Xabi Mina, Borja Inza, </span><span style="font-weight: 400;">Anael Corea, Karlos Solana Arruti, Jesús Mari Alquézar, </span><span style="font-weight: 400;">Enrique Villafranca eta  Oihana Cereijo.</span></p>
<p>&nbsp;</p>

<!-- This site is optimized with the Yoast SEO plugin v27.4 - https://yoast.com/product/yoast-seo-wordpress/ -->
<title>Eskerrak | MATER</title>
<meta name="robots" content="index, follow, max-snippet:-1, max-image-preview:large, max-video-preview:-1" />
<link rel="canonical" href="https://mater.eus/eu/mater/eskerrak/" />
<meta property="og:locale" content="eu_ES" />
<meta property="og:type" content="article" />
<meta property="og:title" content="Eskerrak | MATER" />
<meta property="og:description" content="2020-2021 urtean, gizartea itsas ingurunearen kontserbazio aktiboan sentsibilizatzeko eta inplikatzeko lanean, MATER taldeak hainbat material sortu ditu, inguruko aberastasun ekologikoa, [...]" />
<meta property="og:url" content="https://mater.eus/eu/mater/eskerrak/" />
<meta property="og:site_name" content="MATER" />
<meta property="article:publisher" content="https://www.facebook.com/matermuseoa" />
<meta property="article:modified_time" content="2024-02-28T10:45:15+00:00" />
<meta name="twitter:card" content="summary_large_image" />
<meta name="twitter:site" content="@MaterMuseoa" />
<meta name="twitter:label1" content="Est. reading time" />
	<meta name="twitter:data1" content="1 minute" />
<script type="application/ld+json" class="yoast-schema-graph">{"@context":"https:\/\/schema.org","@graph":[{"@type":"WebPage","@id":"https:\/\/mater.eus\/eu\/mater\/eskerrak\/","url":"https:\/\/mater.eus\/eu\/mater\/eskerrak\/","name":"Eskerrak | MATER","isPartOf":{"@id":"https:\/\/mater.eus\/eu\/#website"},"datePublished":"2021-02-16T06:28:03+00:00","dateModified":"2024-02-28T10:45:15+00:00","breadcrumb":{"@id":"https:\/\/mater.eus\/eu\/mater\/eskerrak\/#breadcrumb"},"inLanguage":"eu-ES","potentialAction":[{"@type":"ReadAction","target":["https:\/\/mater.eus\/eu\/mater\/eskerrak\/"]}]},{"@type":"BreadcrumbList","@id":"https:\/\/mater.eus\/eu\/mater\/eskerrak\/#breadcrumb","itemListElement":[{"@type":"ListItem","position":1,"name":"Portada","item":"https:\/\/mater.eus\/eu\/"},{"@type":"ListItem","position":2,"name":"Eskerrak"}]},{"@type":"WebSite","@id":"https:\/\/mater.eus\/eu\/#website","url":"https:\/\/mater.eus\/eu\/","name":"MATER, Barco Museo Ecoactivo","description":"Barco Museo Ecoactivo","publisher":{"@id":"https:\/\/mater.eus\/eu\/#organization"},"alternateName":"MATER","potentialAction":[{"@type":"SearchAction","target":{"@type":"EntryPoint","urlTemplate":"https:\/\/mater.eus\/eu\/?s={search_term_string}"},"query-input":{"@type":"PropertyValueSpecification","valueRequired":true,"valueName":"search_term_string"}}],"inLanguage":"eu-ES"},{"@type":"Organization","@id":"https:\/\/mater.eus\/eu\/#organization","name":"MATER","alternateName":"Asociación Itsas-Gela Aula del Mar","url":"https:\/\/mater.eus\/eu\/","logo":{"@type":"ImageObject","inLanguage":"eu-ES","@id":"https:\/\/mater.eus\/eu\/#\/schema\/logo\/image\/","url":"https:\/\/mater.eus\/wp-content\/uploads\/MATER-logo-urdina.png","contentUrl":"https:\/\/mater.eus\/wp-content\/uploads\/MATER-logo-urdina.png","width":2048,"height":2048,"caption":"MATER"},"image":{"@id":"https:\/\/mater.eus\/eu\/#\/schema\/logo\/image\/"},"sameAs":["https:\/\/www.facebook.com\/matermuseoa","https:\/\/x.com\/MaterMuseoa","https:\/\/www.instagram.com\/matermuseoa\/","https:\/\/www.linkedin.com\/company\/mater-barco-museo-ecoactivo\/"]}]}</script>
<!-- / Yoast SEO plugin. -->

Asociación Itsas-Gela Aula del Mar
