{"id":19255,"date":"2021-02-16T07:28:03","date_gmt":"2021-02-16T06:28:03","guid":{"rendered":"https:\/\/mater.eus\/acknowledgements\/"},"modified":"2025-09-24T15:40:50","modified_gmt":"2025-09-24T13:40:50","slug":"acknowledgements","status":"publish","type":"page","link":"https:\/\/mater.eus\/en\/get-to-know-us\/acknowledgements\/","title":{"rendered":"Acknowledgements"},"content":{"rendered":"<div class=\"fusion-fullwidth fullwidth-box fusion-builder-row-1 fusion-flex-container nonhundred-percent-fullwidth non-hundred-percent-height-scrolling\" style=\"--awb-border-radius-top-left:0px;--awb-border-radius-top-right:0px;--awb-border-radius-bottom-right:0px;--awb-border-radius-bottom-left:0px;--awb-flex-wrap:wrap;\" ><div class=\"fusion-builder-row fusion-row fusion-flex-align-items-flex-start fusion-flex-content-wrap\" style=\"max-width:1331.2px;margin-left: calc(-4% \/ 2 );margin-right: calc(-4% \/ 2 );\"><div class=\"fusion-layout-column fusion_builder_column fusion-builder-column-0 fusion_builder_column_1_1 1_1 fusion-flex-column\" style=\"--awb-bg-size:cover;--awb-width-large:100%;--awb-margin-top-large:0px;--awb-spacing-right-large:1.92%;--awb-margin-bottom-large:0px;--awb-spacing-left-large:1.92%;--awb-width-medium:100%;--awb-spacing-right-medium:1.92%;--awb-spacing-left-medium:1.92%;--awb-width-small:100%;--awb-spacing-right-small:1.92%;--awb-spacing-left-small:1.92%;\"><div class=\"fusion-column-wrapper fusion-flex-justify-content-flex-start fusion-content-layout-column\"><div class=\"fusion-text fusion-text-1\"><p><span style=\"font-weight: 400;\">During 2020\u20132021, in our work to raise awareness and engage society in the active conservation of the marine environment, the MATER team created different materials aimed at showcasing the ecological richness of the area, the threat of marine litter, and sustainable habits.  <\/span><a href=\"https:\/\/plastifisharenkostera.eus\"><b><i>On the one hand, the project Plastifisharen Kostera<\/i><\/b><\/a> <span style=\"font-weight: 400;\"> gave us the opportunity to install six information panels across Pasaia, Errenteria, and Oiartzun. On the other hand, within the framework of a collaboration agreement with the Basque Government, we published a Mini Guide to the Coastal Biodiversity of the Ulia-Jaizkibel area.<\/span><\/p>\n<p><span style=\"font-weight: 400;\">During the creation of content for both resources, we received support from several people and institutions who helped us verify the information and collect photographic material. In terms of institutions, we would like to thank the participation of AZTI, Ambar Elkartea, SEO BirdLife Euskadi, PIE-UPV\/EHU, and the Underwater Activities Section of the Real Sociedad.<br \/>Above all, we want to express our gratitude for the altruistic collaboration of many individuals who contributed their grain of sand to bring these wonderful educational materials to light: Juan Carlos Alvarado, Maria Ballesteros, Leire Ballesteros, Aitor Leitza, Natalia Mendez, Javi Franco, Gari Bilbao, Juan Carlos Fajardo, Manu Soto, Bel\u00e9n Gonz\u00e1lez, Denis Benito, Fernando Villate, Aitor Laza, Ibon Canciorena, David Mu\u00f1oz, Daniel Landa, Luis Mart\u00ednez, Xabi Mina, Borja Inza,   <\/span><span style=\"font-weight: 400;\">Anael Corea, Karlos Solana Arruti, Jes\u00fas Mari Alqu\u00e9zar, <\/span><span style=\"font-weight: 400;\">Enrique Villafranca, and Oihana Cereijo.<\/span><\/p>\n<\/div><\/div><\/div><\/div><\/div>\n","protected":false},"excerpt":{"rendered":"","protected":false},"author":1,"featured_media":0,"parent":19346,"menu_order":1,"comment_status":"closed","ping_status":"closed","template":"","meta":{"footnotes":""},"class_list":["post-19255","page","type-page","status-publish","hentry"],"yoast_head":"<!-- This site is optimized with the Yoast SEO plugin v27.4 - https:\/\/yoast.com\/product\/yoast-seo-wordpress\/ -->\n<title>Acknowledgements | MATER<\/title>\n<meta name=\"description\" content=\"Acknowledgements to individuals, companies, institutions, documentarians, visitors\u2026 Without them, MATER would not be possible.\" \/>\n<meta name=\"robots\" content=\"index, follow, max-snippet:-1, max-image-preview:large, max-video-preview:-1\" \/>\n<link rel=\"canonical\" href=\"https:\/\/mater.eus\/en\/get-to-know-us\/acknowledgements\/\" \/>\n<meta property=\"og:locale\" content=\"en_US\" \/>\n<meta property=\"og:type\" content=\"article\" \/>\n<meta property=\"og:title\" content=\"Acknowledgements | MATER\" \/>\n<meta property=\"og:description\" content=\"Acknowledgements to individuals, companies, institutions, documentarians, visitors\u2026 Without them, MATER would not be possible.\" \/>\n<meta property=\"og:url\" content=\"https:\/\/mater.eus\/en\/get-to-know-us\/acknowledgements\/\" \/>\n<meta property=\"og:site_name\" content=\"MATER\" \/>\n<meta property=\"article:publisher\" content=\"https:\/\/www.facebook.com\/matermuseoa\" \/>\n<meta property=\"article:modified_time\" content=\"2025-09-24T13:40:50+00:00\" \/>\n<meta name=\"twitter:card\" content=\"summary_large_image\" \/>\n<meta name=\"twitter:site\" content=\"@MaterMuseoa\" \/>\n<meta name=\"twitter:label1\" content=\"Est. reading time\" \/>\n\t<meta name=\"twitter:data1\" content=\"2 minutes\" \/>\n<script type=\"application\/ld+json\" class=\"yoast-schema-graph\">{\"@context\":\"https:\\\/\\\/schema.org\",\"@graph\":[{\"@type\":\"WebPage\",\"@id\":\"https:\\\/\\\/mater.eus\\\/en\\\/get-to-know-us\\\/acknowledgements\\\/\",\"url\":\"https:\\\/\\\/mater.eus\\\/en\\\/get-to-know-us\\\/acknowledgements\\\/\",\"name\":\"Acknowledgements | MATER\",\"isPartOf\":{\"@id\":\"https:\\\/\\\/mater.eus\\\/en\\\/#website\"},\"datePublished\":\"2021-02-16T06:28:03+00:00\",\"dateModified\":\"2025-09-24T13:40:50+00:00\",\"description\":\"Acknowledgements to individuals, companies, institutions, documentarians, visitors\u2026 Without them, MATER would not be possible.\",\"breadcrumb\":{\"@id\":\"https:\\\/\\\/mater.eus\\\/en\\\/get-to-know-us\\\/acknowledgements\\\/#breadcrumb\"},\"inLanguage\":\"en-US\",\"potentialAction\":[{\"@type\":\"ReadAction\",\"target\":[\"https:\\\/\\\/mater.eus\\\/en\\\/get-to-know-us\\\/acknowledgements\\\/\"]}]},{\"@type\":\"BreadcrumbList\",\"@id\":\"https:\\\/\\\/mater.eus\\\/en\\\/get-to-know-us\\\/acknowledgements\\\/#breadcrumb\",\"itemListElement\":[{\"@type\":\"ListItem\",\"position\":1,\"name\":\"Portada\",\"item\":\"https:\\\/\\\/mater.eus\\\/en\\\/inicio\\\/\"},{\"@type\":\"ListItem\",\"position\":2,\"name\":\"Get to know us\",\"item\":\"https:\\\/\\\/mater.eus\\\/en\\\/get-to-know-us\\\/\"},{\"@type\":\"ListItem\",\"position\":3,\"name\":\"Acknowledgements\"}]},{\"@type\":\"WebSite\",\"@id\":\"https:\\\/\\\/mater.eus\\\/en\\\/#website\",\"url\":\"https:\\\/\\\/mater.eus\\\/en\\\/\",\"name\":\"MATER, Barco Museo Ecoactivo\",\"description\":\"Barco Museo Ecoactivo\",\"publisher\":{\"@id\":\"https:\\\/\\\/mater.eus\\\/en\\\/#organization\"},\"alternateName\":\"MATER\",\"potentialAction\":[{\"@type\":\"SearchAction\",\"target\":{\"@type\":\"EntryPoint\",\"urlTemplate\":\"https:\\\/\\\/mater.eus\\\/en\\\/?s={search_term_string}\"},\"query-input\":{\"@type\":\"PropertyValueSpecification\",\"valueRequired\":true,\"valueName\":\"search_term_string\"}}],\"inLanguage\":\"en-US\"},{\"@type\":\"Organization\",\"@id\":\"https:\\\/\\\/mater.eus\\\/en\\\/#organization\",\"name\":\"MATER\",\"alternateName\":\"Asociaci\u00f3n Itsas-Gela Aula del Mar\",\"url\":\"https:\\\/\\\/mater.eus\\\/en\\\/\",\"logo\":{\"@type\":\"ImageObject\",\"inLanguage\":\"en-US\",\"@id\":\"https:\\\/\\\/mater.eus\\\/en\\\/#\\\/schema\\\/logo\\\/image\\\/\",\"url\":\"https:\\\/\\\/mater.eus\\\/wp-content\\\/uploads\\\/MATER-logo-urdina.png\",\"contentUrl\":\"https:\\\/\\\/mater.eus\\\/wp-content\\\/uploads\\\/MATER-logo-urdina.png\",\"width\":2048,\"height\":2048,\"caption\":\"MATER\"},\"image\":{\"@id\":\"https:\\\/\\\/mater.eus\\\/en\\\/#\\\/schema\\\/logo\\\/image\\\/\"},\"sameAs\":[\"https:\\\/\\\/www.facebook.com\\\/matermuseoa\",\"https:\\\/\\\/x.com\\\/MaterMuseoa\",\"https:\\\/\\\/www.instagram.com\\\/matermuseoa\\\/\",\"https:\\\/\\\/www.linkedin.com\\\/company\\\/mater-barco-museo-ecoactivo\\\/\"]}]}<\/script>\n<!-- \/ Yoast SEO plugin. -->","yoast_head_json":{"title":"Acknowledgements | MATER","description":"Acknowledgements to individuals, companies, institutions, documentarians, visitors\u2026 Without them, MATER would not be possible.","robots":{"index":"index","follow":"follow","max-snippet":"max-snippet:-1","max-image-preview":"max-image-preview:large","max-video-preview":"max-video-preview:-1"},"canonical":"https:\/\/mater.eus\/en\/get-to-know-us\/acknowledgements\/","og_locale":"en_US","og_type":"article","og_title":"Acknowledgements | MATER","og_description":"Acknowledgements to individuals, companies, institutions, documentarians, visitors\u2026 Without them, MATER would not be possible.","og_url":"https:\/\/mater.eus\/en\/get-to-know-us\/acknowledgements\/","og_site_name":"MATER","article_publisher":"https:\/\/www.facebook.com\/matermuseoa","article_modified_time":"2025-09-24T13:40:50+00:00","twitter_card":"summary_large_image","twitter_site":"@MaterMuseoa","twitter_misc":{"Est. reading time":"2 minutes"},"schema":{"@context":"https:\/\/schema.org","@graph":[{"@type":"WebPage","@id":"https:\/\/mater.eus\/en\/get-to-know-us\/acknowledgements\/","url":"https:\/\/mater.eus\/en\/get-to-know-us\/acknowledgements\/","name":"Acknowledgements | MATER","isPartOf":{"@id":"https:\/\/mater.eus\/en\/#website"},"datePublished":"2021-02-16T06:28:03+00:00","dateModified":"2025-09-24T13:40:50+00:00","description":"Acknowledgements to individuals, companies, institutions, documentarians, visitors\u2026 Without them, MATER would not be possible.","breadcrumb":{"@id":"https:\/\/mater.eus\/en\/get-to-know-us\/acknowledgements\/#breadcrumb"},"inLanguage":"en-US","potentialAction":[{"@type":"ReadAction","target":["https:\/\/mater.eus\/en\/get-to-know-us\/acknowledgements\/"]}]},{"@type":"BreadcrumbList","@id":"https:\/\/mater.eus\/en\/get-to-know-us\/acknowledgements\/#breadcrumb","itemListElement":[{"@type":"ListItem","position":1,"name":"Portada","item":"https:\/\/mater.eus\/en\/inicio\/"},{"@type":"ListItem","position":2,"name":"Get to know us","item":"https:\/\/mater.eus\/en\/get-to-know-us\/"},{"@type":"ListItem","position":3,"name":"Acknowledgements"}]},{"@type":"WebSite","@id":"https:\/\/mater.eus\/en\/#website","url":"https:\/\/mater.eus\/en\/","name":"MATER, Barco Museo Ecoactivo","description":"Barco Museo Ecoactivo","publisher":{"@id":"https:\/\/mater.eus\/en\/#organization"},"alternateName":"MATER","potentialAction":[{"@type":"SearchAction","target":{"@type":"EntryPoint","urlTemplate":"https:\/\/mater.eus\/en\/?s={search_term_string}"},"query-input":{"@type":"PropertyValueSpecification","valueRequired":true,"valueName":"search_term_string"}}],"inLanguage":"en-US"},{"@type":"Organization","@id":"https:\/\/mater.eus\/en\/#organization","name":"MATER","alternateName":"Asociaci\u00f3n Itsas-Gela Aula del Mar","url":"https:\/\/mater.eus\/en\/","logo":{"@type":"ImageObject","inLanguage":"en-US","@id":"https:\/\/mater.eus\/en\/#\/schema\/logo\/image\/","url":"https:\/\/mater.eus\/wp-content\/uploads\/MATER-logo-urdina.png","contentUrl":"https:\/\/mater.eus\/wp-content\/uploads\/MATER-logo-urdina.png","width":2048,"height":2048,"caption":"MATER"},"image":{"@id":"https:\/\/mater.eus\/en\/#\/schema\/logo\/image\/"},"sameAs":["https:\/\/www.facebook.com\/matermuseoa","https:\/\/x.com\/MaterMuseoa","https:\/\/www.instagram.com\/matermuseoa\/","https:\/\/www.linkedin.com\/company\/mater-barco-museo-ecoactivo\/"]}]}},"_links":{"self":[{"href":"https:\/\/mater.eus\/en\/wp-json\/wp\/v2\/pages\/19255","targetHints":{"allow":["GET"]}}],"collection":[{"href":"https:\/\/mater.eus\/en\/wp-json\/wp\/v2\/pages"}],"about":[{"href":"https:\/\/mater.eus\/en\/wp-json\/wp\/v2\/types\/page"}],"author":[{"embeddable":true,"href":"https:\/\/mater.eus\/en\/wp-json\/wp\/v2\/users\/1"}],"replies":[{"embeddable":true,"href":"https:\/\/mater.eus\/en\/wp-json\/wp\/v2\/comments?post=19255"}],"version-history":[{"count":2,"href":"https:\/\/mater.eus\/en\/wp-json\/wp\/v2\/pages\/19255\/revisions"}],"predecessor-version":[{"id":19257,"href":"https:\/\/mater.eus\/en\/wp-json\/wp\/v2\/pages\/19255\/revisions\/19257"}],"up":[{"embeddable":true,"href":"https:\/\/mater.eus\/en\/wp-json\/wp\/v2\/pages\/19346"}],"wp:attachment":[{"href":"https:\/\/mater.eus\/en\/wp-json\/wp\/v2\/media?parent=19255"}],"curies":[{"name":"wp","href":"https:\/\/api.w.org\/{rel}","templated":true}]}}

<div class="fusion-fullwidth fullwidth-box fusion-builder-row-1 fusion-flex-container nonhundred-percent-fullwidth non-hundred-percent-height-scrolling" style="--awb-border-radius-top-left:0px;--awb-border-radius-top-right:0px;--awb-border-radius-bottom-right:0px;--awb-border-radius-bottom-left:0px;--awb-flex-wrap:wrap;" ><div class="fusion-builder-row fusion-row fusion-flex-align-items-flex-start fusion-flex-content-wrap" style="max-width:1331.2px;margin-left: calc(-4% / 2 );margin-right: calc(-4% / 2 );"><div class="fusion-layout-column fusion_builder_column fusion-builder-column-0 fusion_builder_column_1_1 1_1 fusion-flex-column" style="--awb-bg-size:cover;--awb-width-large:100%;--awb-margin-top-large:0px;--awb-spacing-right-large:1.92%;--awb-margin-bottom-large:0px;--awb-spacing-left-large:1.92%;--awb-width-medium:100%;--awb-spacing-right-medium:1.92%;--awb-spacing-left-medium:1.92%;--awb-width-small:100%;--awb-spacing-right-small:1.92%;--awb-spacing-left-small:1.92%;"><div class="fusion-column-wrapper fusion-flex-justify-content-flex-start fusion-content-layout-column"><div class="fusion-text fusion-text-1"><p><span style="font-weight: 400;">During 2020–2021, in our work to raise awareness and engage society in the active conservation of the marine environment, the MATER team created different materials aimed at showcasing the ecological richness of the area, the threat of marine litter, and sustainable habits.  </span><a href="https://plastifisharenkostera.eus"><b><i>On the one hand, the project Plastifisharen Kostera</i></b></a> <span style="font-weight: 400;"> gave us the opportunity to install six information panels across Pasaia, Errenteria, and Oiartzun. On the other hand, within the framework of a collaboration agreement with the Basque Government, we published a Mini Guide to the Coastal Biodiversity of the Ulia-Jaizkibel area.</span></p>
<p><span style="font-weight: 400;">During the creation of content for both resources, we received support from several people and institutions who helped us verify the information and collect photographic material. In terms of institutions, we would like to thank the participation of AZTI, Ambar Elkartea, SEO BirdLife Euskadi, PIE-UPV/EHU, and the Underwater Activities Section of the Real Sociedad.<br />Above all, we want to express our gratitude for the altruistic collaboration of many individuals who contributed their grain of sand to bring these wonderful educational materials to light: Juan Carlos Alvarado, Maria Ballesteros, Leire Ballesteros, Aitor Leitza, Natalia Mendez, Javi Franco, Gari Bilbao, Juan Carlos Fajardo, Manu Soto, Belén González, Denis Benito, Fernando Villate, Aitor Laza, Ibon Canciorena, David Muñoz, Daniel Landa, Luis Martínez, Xabi Mina, Borja Inza,   </span><span style="font-weight: 400;">Anael Corea, Karlos Solana Arruti, Jesús Mari Alquézar, </span><span style="font-weight: 400;">Enrique Villafranca, and Oihana Cereijo.</span></p>
</div></div></div></div></div>

<!-- This site is optimized with the Yoast SEO plugin v27.4 - https://yoast.com/product/yoast-seo-wordpress/ -->
<title>Acknowledgements | MATER</title>
<meta name="description" content="Acknowledgements to individuals, companies, institutions, documentarians, visitors… Without them, MATER would not be possible." />
<meta name="robots" content="index, follow, max-snippet:-1, max-image-preview:large, max-video-preview:-1" />
<link rel="canonical" href="https://mater.eus/en/get-to-know-us/acknowledgements/" />
<meta property="og:locale" content="en_US" />
<meta property="og:type" content="article" />
<meta property="og:title" content="Acknowledgements | MATER" />
<meta property="og:description" content="Acknowledgements to individuals, companies, institutions, documentarians, visitors… Without them, MATER would not be possible." />
<meta property="og:url" content="https://mater.eus/en/get-to-know-us/acknowledgements/" />
<meta property="og:site_name" content="MATER" />
<meta property="article:publisher" content="https://www.facebook.com/matermuseoa" />
<meta property="article:modified_time" content="2025-09-24T13:40:50+00:00" />
<meta name="twitter:card" content="summary_large_image" />
<meta name="twitter:site" content="@MaterMuseoa" />
<meta name="twitter:label1" content="Est. reading time" />
	<meta name="twitter:data1" content="2 minutes" />
<script type="application/ld+json" class="yoast-schema-graph">{"@context":"https:\/\/schema.org","@graph":[{"@type":"WebPage","@id":"https:\/\/mater.eus\/en\/get-to-know-us\/acknowledgements\/","url":"https:\/\/mater.eus\/en\/get-to-know-us\/acknowledgements\/","name":"Acknowledgements | MATER","isPartOf":{"@id":"https:\/\/mater.eus\/en\/#website"},"datePublished":"2021-02-16T06:28:03+00:00","dateModified":"2025-09-24T13:40:50+00:00","description":"Acknowledgements to individuals, companies, institutions, documentarians, visitors… Without them, MATER would not be possible.","breadcrumb":{"@id":"https:\/\/mater.eus\/en\/get-to-know-us\/acknowledgements\/#breadcrumb"},"inLanguage":"en-US","potentialAction":[{"@type":"ReadAction","target":["https:\/\/mater.eus\/en\/get-to-know-us\/acknowledgements\/"]}]},{"@type":"BreadcrumbList","@id":"https:\/\/mater.eus\/en\/get-to-know-us\/acknowledgements\/#breadcrumb","itemListElement":[{"@type":"ListItem","position":1,"name":"Portada","item":"https:\/\/mater.eus\/en\/inicio\/"},{"@type":"ListItem","position":2,"name":"Get to know us","item":"https:\/\/mater.eus\/en\/get-to-know-us\/"},{"@type":"ListItem","position":3,"name":"Acknowledgements"}]},{"@type":"WebSite","@id":"https:\/\/mater.eus\/en\/#website","url":"https:\/\/mater.eus\/en\/","name":"MATER, Barco Museo Ecoactivo","description":"Barco Museo Ecoactivo","publisher":{"@id":"https:\/\/mater.eus\/en\/#organization"},"alternateName":"MATER","potentialAction":[{"@type":"SearchAction","target":{"@type":"EntryPoint","urlTemplate":"https:\/\/mater.eus\/en\/?s={search_term_string}"},"query-input":{"@type":"PropertyValueSpecification","valueRequired":true,"valueName":"search_term_string"}}],"inLanguage":"en-US"},{"@type":"Organization","@id":"https:\/\/mater.eus\/en\/#organization","name":"MATER","alternateName":"Asociación Itsas-Gela Aula del Mar","url":"https:\/\/mater.eus\/en\/","logo":{"@type":"ImageObject","inLanguage":"en-US","@id":"https:\/\/mater.eus\/en\/#\/schema\/logo\/image\/","url":"https:\/\/mater.eus\/wp-content\/uploads\/MATER-logo-urdina.png","contentUrl":"https:\/\/mater.eus\/wp-content\/uploads\/MATER-logo-urdina.png","width":2048,"height":2048,"caption":"MATER"},"image":{"@id":"https:\/\/mater.eus\/en\/#\/schema\/logo\/image\/"},"sameAs":["https:\/\/www.facebook.com\/matermuseoa","https:\/\/x.com\/MaterMuseoa","https:\/\/www.instagram.com\/matermuseoa\/","https:\/\/www.linkedin.com\/company\/mater-barco-museo-ecoactivo\/"]}]}</script>
<!-- / Yoast SEO plugin. -->

Asociación Itsas-Gela Aula del Mar
